actors of 6298?
2, 47, 67
What are the prime factors of 12903?
3, 11, 17, 23
List the prime factors of 1956.
2, 3, 163
List the prime factors of 1399.
1399
What are the prime factors of 4209?
3, 23, 61
List the prime factors of 2010.
2, 3, 5, 67
List the prime factors of 11750.
2, 5, 47
List the prime factors of 22251.
3, 7417
What are the prime factors of 8342?
2, 43, 97
What are the prime factors of 48349?
7, 6907
List the prime factors of 2361.
3, 787
What are the prime factors of 171945?
3, 5, 3821
List the prime factors of 25916.
2, 11, 19, 31
List the prime factors of 1085.
5, 7, 31
What are the prime factors of 1026?
2, 3, 19
What are the prime factors of 13033?
13033
List the prime factors of 8022.
2, 3, 7, 191
What are the prime factors of 76535?
5, 15307
List the prime factors of 3670.
2, 5, 367
What are the prime factors of 3021?
3, 19, 53
What are the prime factors of 774?
2, 3, 43
What are the prime factors of 8398?
2, 13, 17, 19
What are the prime factors of 18537?
3, 37, 167
List the prime factors of 15953.
7, 43, 53
What are the prime factors of 3381?
3, 7, 23
List the prime factors of 2301.
3, 13, 59
What are the prime factors of 24696?
2, 3, 7
What are the prime factors of 73867?
73867
What are the prime factors of 3547?
3547
What are the prime factors of 18743?
18743
List the prime factors of 56851.
139, 409
List the prime factors of 4705.
5, 941
What are the prime factors of 538?
2, 269
List the prime factors of 881.
881
What are the prime factors of 1941?
3, 647
List the prime factors of 1866.
2, 3, 311
List the prime factors of 273.
3, 7, 13
List the prime factors of 275.
5, 11
List the prime factors of 711.
3, 79
List the prime factors of 2193.
3, 17, 43
What are the prime factors of 3268?
2, 19, 43
List the prime factors of 8037.
3, 19, 47
What are the prime factors of 33069?
3, 73, 151
List the prime factors of 37036.
2, 47, 197
List the prime factors of 48283.
53, 911
List the prime factors of 4094.
2, 23, 89
What are the prime factors of 1443?
3, 13, 37
List the prime factors of 49072.
2, 3067
What are the prime factors of 37829?
11, 19, 181
What are the prime factors of 4992?
2, 3, 13
List the prime factors of 2644.
2, 661
What are the prime factors of 2109?
3, 19, 37
List the prime factors of 826.
2, 7, 59
What are the prime factors of 119911?
11, 991
What are the prime factors of 776?
2, 97
List the prime factors of 25733.
25733
List the prime factors of 1470.
2, 3, 5, 7
List the prime factors of 1202.
2, 601
What are the prime factors of 35057?
11, 3187
What are the prime factors of 3569?
43, 83
List the prime factors of 2496.
2, 3, 13
List the prime factors of 93.
3, 31
What are the prime factors of 1236?
2, 3, 103
What are the prime factors of 148665?
3, 5, 11, 17, 53
List the prime factors of 233.
233
List the prime factors of 1074.
2, 3, 179
What are the prime factors of 3185?
5, 7, 13
What are the prime factors of 100298?
2, 11, 47, 97
What are the prime factors of 63259?
7, 1291
What are the prime factors of 3935?
5, 787
List the prime factors of 39749.
39749
What are the prime factors of 55?
5, 11
List the prime factors of 37187.
41, 907
List the prime factors of 60828.
2, 3, 37, 137
What are the prime factors of 1383?
3, 461
List the prime factors of 18854.
2, 11, 857
What are the prime factors of 23845?
5, 19, 251
What are the prime factors of 5933?
17, 349
List the prime factors of 68499.
3, 43, 59
What are the prime factors of 4371?
3, 31, 47
What are the prime factors of 1683?
3, 11, 17
List the prime factors of 455.
5, 7, 13
List the prime factors of 638.
2, 11, 29
List the prime factors of 605.
5, 11
List the prime factors of 89877.
3, 29959
List the prime factors of 761.
761
List the prime factors of 1541.
23, 67
List the prime factors of 604.
2, 151
What are the prime factors of 14555?
5, 41, 71
List the prime factors of 1210.
2, 5, 11
What are the prime factors of 32862?
2, 3, 5477
What are the prime factors of 25919?
25919
List the prime factors of 1536.
2, 3
What are the prime factors of 28822?
2, 14411
List the prime factors of 1441.
11, 131
What are the prime factors of 7076?
2, 29, 61
List the prime factors of 856.
2, 107
What are the prime factors of 22?
2, 11
List the prime factors of 88.
2, 11
What are the prime factors of 5879?
5879
List the prime factors of 945.
3, 5, 7
What are the prime factors of 1906?
2, 953
List the prime factors of 7650.
2, 3, 5, 17
List the prime factors of 85013.
151, 563
What are the prime factors of 42179?
42179
What are the prime factors of 7082?
2, 3541
What are the prime factors of 36743?
7, 29, 181
What are the prime factors of 17529?
3, 5843
List the prime factors of 68494.
2, 23, 1489
What are the prime factors of 15982?
2, 61, 131
List the prime factors of 61689.
3, 20563
What are the prime factors of 1537?
29, 53
List the prime factors of 1061.
1061
What are the prime factors of 2160?
2, 3, 5
What are the prime factors of 5238?
2, 3, 97
List the prime factors of 3696.
2, 3, 7, 11
List the prime factors of 359.
359
What are the prime factors of 20614?
2, 11, 937
What are the prime factors of 2970?
2, 3, 5, 11
What are the prime factors of 1100?
2, 5, 11
List the prime factors of 790.
2, 5, 79
What are the prime factors of 5649?
3, 7, 269
List the prime factors of 93852.
2, 3, 11, 79
What are the prime factors of 5336?
2, 23, 29
What are the prime factors of 1280?
2, 5
What are the prime factors of 1552?
2, 97
List the prime factors of 10269.
3, 7, 163
List the prime factors of 6461.
7, 13, 71
What are the prime factors of 1260?
2, 3, 5, 7
List the prime factors of 2784.
2, 3, 29
List the prime factors of 20409.
3, 6803
What are the prime factors of 16529?
16529
List the prime factors of 8039.
8039
What are the prime factors of 1682?
2, 29
List the prime factors of 10795.
5, 17, 127
List the prime factors of 87620.
2, 5, 13, 337
What are the prime factors of 4885?
5, 977
List the prime factors of 2055.
3, 5, 137
What are the prime factors of 5354?
2, 2677
What are the prime factors of 7473?
3, 47, 53
List the prime factors of 1537.
29, 53
What are the prime factors of 104860?
2, 5, 7, 107
What are the prime factors of 1606?
2, 11, 73
What are the prime factors of 86468?
2, 21617
What are the prime factors of 2484?
2, 3, 23
List the prime factors of 563.
563
What are the prime factors of 3312?
2, 3, 23
What are the prime factors of 891?
3, 11
What are the prime factors of 107?
107
What are the prime factors of 504?
2, 3, 7
What are the prime factors of 36536?
2, 4567
List the prime factors of 3595.
5, 719
What are the prime factors of 2167?
11, 197
List the prime factors of 634.
2, 317
What are the prime factors of 199?
199
What are the prime factors of 9487?
53, 179
What are the prime factors of 7836?
2, 3, 653
List the prime factors of 556.
2, 139
What are the prime factors of 14758?
2, 47, 157
What are the prime factors of 17399?
127, 137
List the prime factors of 3047.
11, 277
What are the prime factors of 1384?
2, 173
List the prime factors of 9572.
2, 2393
What are the prime factors of 3515?
5, 19, 37
List the prime factors of 106097.
17, 79
What are the prime factors of 882?
2, 3, 7
What are the prime factors of 19548?
2, 3, 181
List the prime factors of 32278.
2, 16139
List the prime factors of 121.
11
List the prime factors of 13601.
7, 29, 67
List the prime factors of 26380.
2, 5, 1319
What are the prime factors of 13707?
3, 1523
What are the prime factors of 12418?
2, 7, 887
List the prime factors of 2558.
2, 1279
What are the prime factors of 324?
2, 3
List the prime factors of 1266.
2, 3, 211
What are the prime factors of 853?
853
What are the prime factors of 335?
5, 67
List the prime factors of 7935.
3, 5, 23
List the prime factors of 6291.
3, 233
List the prime factors of 2061.
3, 229
List the prime factors of 605.
5, 11
List the prime factors of 54306.
2, 3, 7, 431
List the prime factors of 667.
23, 29
What are the prime factors of 693?
3, 7, 11
What are the prime factors of 109522?
2, 7, 7823
What are the prime factors of 11898?
2, 3, 661
What are the prime factors of 38621?
11, 3511
List the prime factors of 195.
3, 5, 13
List the prime factors of 4886.
2, 7, 349
What are the prime factors of 1041?
3, 347
List the prime factors of 